 - -1) + (4 + 5 - 3) + 3.
5
What is -13 - (-7 - 7 - -1)?
0
Evaluate (-33 - -15) + 21 - -3.
6
Evaluate -1 - 11 - (39 - (-4 - -39)).
-16
What is -4 + -1 - (-28 - (-3 + (-14 - -7)))?
13
What is the value of 36 + -18 - (3 - (6 + -11))?
10
Calculate 44 - (35 + -18 + -7 - 0).
34
Evaluate (-5 - (9 - 0)) + 31.
17
What is -5 + -10 + 13 - (3 + -18)?
13
2 + (10 + -17 + 21 - 4)
12
Calculate -2 + (4 - -1) + 3 + -10 - 6.
-10
What is the value of -41 + (31 - (13 + -11))?
-12
What is 7 + -26 + 10 - -6?
-3
-10 - -11 - (1 - (-8 + 3) - -24)
-29
Calculate (-9 + 5 + 2 - 5) + 4 - -1.
-2
What is the value of 2 + 19 - (11 - -8)?
2
Evaluate (44 - (28 + -13)) + -10.
19
What is the value of 7 + -1 - (1 - (-72 - -46))?
-21
Calculate -18 + 7 + 1 + (-9 + 7 - -42).
30
Evaluate -1 + (-1 - -12) + -17 + 11 + 2.
6
What is the value of (2 - -2) + (7 + -11 - 7)?
-7
Evaluate 0 - (8 + -9 + -4).
5
Calculate (-8 - ((1 - 3) + 2)) + 3.
-5
What is the value of -51 - -50 - (-1 + -1 - (-10 - 2))?
-11
What is the value of 3 + -8 + -5 + -9 - -38?
19
What is the value of 8 - 0 - (8 - (-8 + 14))?
6
(0 - -2) + -14 + -68 + 64
-16
Evaluate -5 - -8 - 13 - -7.
-3
What is 15 - (-15 + 20) - 6 - (-1 + -1)?
6
20 + -1 - ((-11 - (-7 + 19)) + 26)
16
Evaluate 268 + -293 + 20 + 0.
-5
-24 + 27 + -9 - 8
-14
What is -9 - (-10 + -8 + -5)?
14
What is 1 - (21 + (3 + -12 - -4))?
-15
Calculate 205 - 140 - (34 - -10).
21
(-2 - (-14 + (-25 - -12))) + -3
22
Evaluate (-19 - (-34 - -3)) + 1.
13
What is (10 - (-1 + -14)) + (1 - 15)?
11
Evaluate 30 + 3 + 5 + -20 + 9 + -3.
24
Calculate 0 + 13 - (-302 + 292).
23
Calculate -23 - (7 - (4 + 12 - 9)).
-23
(-7 + 8 - -7) + -2
6
What is the value of 1 - ((-8 - 0) + -39 + 44 - -4)?
0
Evaluate -15 - (-24 + 25 + -5).
-11
Calculate (467 - 453) + 2 + (2 - 2).
16
What is (-61 - -69) + -1 + -1 - 25?
-19
Calculate (17 - 32 - 14) + 14.
-15
(-1 + -6 - (1 - 13)) + (2 - 18)
-11
4 + 2 + 0 - (6 - (12 - 7))
5
What is the value of -9 + -2 + (8 - -13)?
10
Calculate 12 - (-42 + 52 + (1 - 8)).
9
Evaluate 3 + -5 + 2 - (6 - 9).
3
2 + -15 + (4 - -1) + 0
-8
(2 - -6) + -20 - -6
-6
Calculate 8 + 15 + (1 - -4).
28
What is 2 + 8 - ((79 - 56) + (3 - 0))?
-16
Calculate -18 - (13 + -18 + -2).
-11
(0 - -9) + -5 - (-40 + 33)
11
What is the value of (-3 + -4 - -2) + (7 - (-5 - 0))?
7
6 + (7 - (0 + (10 - 1)))
4
-4 + (6 - 0) + (-9 - -8 - 0)
1
Calculate 65 + -91 - (-26 - -1).
-1
What is the value of 18 - (1 + -5 + 4 + -4 + -2)?
24
26 + 3 - 30 - 31
-32
Evaluate -10 + 5 + -11 + 6.
-10
-6 + 40 + -12 + -10
12
Evaluate (-610 - -621) + 11 + 3.
25
What is the value of -11 + 3 + (-1 - (25 + -7 + -3))?
-24
What is 12 - 1 - (-21 - -22) - (9 + -3)?
4
-28 - (5 - (4 + 13)) - -24
8
What is 0 - (1 + -28) - (51 - (-6 + 51))?
21
What is the value of -5 + (12 + -10 - 5) + 19?
11
Evaluate (1 + -3 - (53 - 58)) + (-1 - 20).
-18
Evaluate (3 + 13 - 13) + 12 + -45.
-30
What is 36 + 25 + -60 - (-7 - (1 + -1))?
8
What is -9 - 0 - (-65 + 68)?
-12
What is 2 - 5 - (15 + -20)?
2
What is -1 - (0 - -7) - (-7 - 24 - -28)?
-5
Calculate -9 - ((-7 - -7) + -7) - 0.
-2
-7 - ((2 + -46 - 2) + (-39 - -45))
33
24 + (14 - 47) + 12
3
What is the value of 7 + (-26 - 0) + (1 - -6)?
-12
Calculate 48 + -33 + (-9 - (2 - 0)).
4
Calculate 67 - 63 - (-8 - (1 - 2 - -1)).
12
10 + 13 + (2 - -2 - 10) + -9
8
What is 1 + 10 + 1 + 1163 + -1167?
8
Calculate -4 + 14 - (28 + -14) - -24.
20
What is the value of (11 - 2) + -17 + -7?
-15
Evaluate -1 - -8 - (83 - 70) - -11.
5
What is the value of -304 + 308 + 1 + 12?
17
What is the value of 140 - 134 - (2 + -7 - (2 - 1))?
12
What is 22 - (-24 + 21 + 10)?
15
5 - ((-1 + -1 - -11) + 43 + -49)
2
What is -47 - (-21 + 15 + -20)?
-21
What is 6 + 16 - -2 - 19?
5
Evaluate -12 - -1 - (-23 - (-39 + 27)).
0
-3 - (140 + -132 + (-2 - 0))
-9
What is (-15 + 8 + 8 - 1) + -2?
-2
Evaluate -8 + -2 + 10 + -1.
-1
5 + 12 + -1 + -14 - -7
9
What is the value of (-44 - -3) + (-18 + 28 - -5)?
-26
Evaluate (30 - 2) + (32 - 48).
12
Calculate -13 + 2 + (-4 - (-11 - -8)).
-12
-9 - (7 - (25 - -1)) - 25
-15
-30 + 25 + 10 - ((3 - 3) + -9)
14
Calculate 11 - ((-6 - (-8 - -7)) + 14).
2
Evaluate -27 - -8 - 12 - -17.
-14
3 - (-3 - -2) - (-2 + 6)
0
-22 - (-10 + -8) - 3
-7
2 - (-1 - -4 - (-24 - -36))
11
What is (2 - 2 - -8) + (-87 - (-20 + -29))?
-30
Evaluate -9 - (-2 - 2) - ((3 - -1) + 12).
-21
What is 8 + (12 + -36 - (-6 - 0)) + -1?
-11
-3 - 7 - ((3 - 14) + 1)
0
Calculate (-26 - (-22 + 0)) + (33 - (1 + 2)).
26
Calculate -2 + -6 + (6 - 18) + 9.
-11
What is the value of -20 - (1 + 12 - 0 - 13)?
-20
Calculate -31 + (-14 - -50) + 27.
32
What is the value of -12 + 9 + (-4 - -1 - -9)?
3
What is the value of 5 - (13 + -10 + -3 + 7)?
-2
What is -42 - ((48 - 28) + -89)?
27
Evaluate 29 + 9 + -32 + (1 - 9).
-2
Evaluate (-7 - ((11 - 27) + -3)) + 4.
16
What is 10 + -18 + -8 - (2 + -12)?
-6
Evaluate 5 - ((5 - (-4 + 11)) + 14).
-7
What is the value of (-10 - 0) + (-46 - -41 - (-15 + 2))?
-2
(-5 - 3 - -11) + -2
1
What is the value of (-4 - -21 - (-54 - -61)) + 1?
11
(2 - 0) + -24 + 11 + 7
-4
7 + (-29 + 12 - -14) + (1 - -26)
31
Calculate 9 - 2 - (18 - (12 + -1)).
0
What is the value of 7 + 12 - (-18 + 26)?
11
Evaluate (8 + 1 - 14 - -2) + (0 - -3).
0
Evaluate -32 + 43 - (40 - (-5 - 0)).
-34
What is the value of 5 + -3 - 1 - (86 - 104)?
19
Evaluate -10 + 32 - (14 + -10).
18
What is (278 - 277) + (-19 - 1)?
-19
What is -8 + 8 + -5 - (3 - 11)?
3
Calculate -7 + (2 - (12 + -10)) + -8 + 3.
-12
(-11 - 6 - -6) + 58 + -55
-8
Evaluate (4 + 0 - (49 - 41)) + 1 + 5.
2
-12 - (3 - (5 + 9))
-1
Evaluate -23 + (18 - 6) + 8.
-3
What is the value of 18 + (-2 + -15 - (57 + -55))?
-1
-24 + 65 + 5 + -29
17
What is 11 + -7 + -5 + 8?
7
What is 1 - (-3 + 0 - (182 - 168))?
18
Evaluate (-2 - (-23 + -3)) + -27.
-3
What is the value of (7 - (-15 + -1) - (1 + -2)) + -7?
17
8 + (-7 - 20) - 4 - -7
-16
(38 - 82) + 36 - (-22 + -1)
15
Evaluate -23 + 19 - (-17 - (0 + -2)).
11
(1 - (8 + -32)) + -8
17
Evaluate 12 + (-2 + -7 + 7 - 13).
-3
2 + (1 - (7 + (4 - 4) + 4))
-8
1 + 10 - (5 - (-55 + 58))
9
What is 1 + -5 - (25 + -27 - -9)?
-11
80 + -92 - (3 - 29)
14
What is (24 - 10 - -8) + -11?
11
What is the value of 4 + 0 - (45 - 59)?
18
13 - (6 + (1 - -4)) - 0
2
Calculate -14 + (-2 + (-7 - -21 - 8) - -1).
-9
Evaluate 8 + (-20 + 26 - 21).
-7
What is (4 - 30) + (7 - -32)?
13
What is (6 - -1) + (4 - (41 + -23))?
-7
(136 + -146 - (-1 + -12)) + (1 - 10)
-6
Calculate -33 + 12 + -5 - (-6 - 5).
-15
Calculate (4 - 8 - 5) + -10 + 13.
-6
Calculate 0 - (1 + 9 + (-3 - 11)).
4
Evaluate 5 + 2 + 7 + -4.
10
(-18 - (33 - 55)) + 2
6
What is the value of -27 - (47 - 30 - 29)?
-15
Calculate -7 + 7 + -7 + 11 - 4.
0
What is the value of 17 + -9 + 0 + -4 + 3?
7
What is the value of (23 - -16) + -49 - 7?
-17
Calculate -4 - (-2 + (12 - 18)) - -14.
18
What is -8 - 0 - (-34 + 19 + 8)?
-1
(-5 - (-15 + 7 + 5)) + 11
9
What is the value of -15 + -2 - (6 + -7 + -6 + 5)?
-15
Evaluate 3 - (10 - 5) - (-120 + 96).
22
7 + (-15 - ((8 - 9) + -8))
1
What is the value of -15 - -2 - 5 - -13?
-5
Evaluate -9 + 7 - (-10 + -7).
15
What is the value of (1 - 10 - (11 + -12)) + 28 + 0?
20
What is -11 + 15 + (-17 - -16) + 0 + -3?
0
Evaluate -3 + (7 - 1) - (1 + -4).
6
0 + (3 + (-2 + 5 - 12) - 14)
-20
What is 1 + 0 + -16 + 21 + (-17 - -1)?
-10
What is the value of (-12 - (-1 + -6 - 3)) + -11?
-13
Evaluate -7 - (-8 + 5 + -1) - -6.
3
Calculate -9 - (-25 + 42) - -41.
15
(-8 + 7 - -12) + -25 + -11
-25
Evaluate (3 - 0 - 1) + -1 + (0 - 2).
-1
Evaluate -2 - (5 + 0) - (-1772 + 1729).
36
Calculate -6 + 5 + 5 - -14.
18
What is the value of -14 + -4 + -4 - -9?
-13
Evaluate 11 - (-9 + (2 - -10) - 0).
8
What is the value of 37 + -84 + 85 + (0 - 4)?
34
0 + (8 - (0 - (-6 - 5)))
-3
Calculate -1 - ((18 - 11) + -4 + 1).
-5
Calculate 5 + (-5 - (7 + -8)) + 5 + -21.
-15
What is the value of 16 - (12 - 3 - -1 - 11)?
17
What is the value of (-1 - -27) + -20 + (5 - -7)?
18
Evaluate 2 + 27 + -19 - (-4 - -6).
8
1 - (-13 - 1 - (16 - 19))
12
Evaluate (-2 - (3 + 0)) + 15 + -22.
-12
Evaluate 10 + -11 - 4 - (9 + (3 - 5)).
-12
Calculate (-29 - -32) + 9 + -33.
-21
Evaluate -43 - (-4 + -33) - (-4 - -1) - 14.
-17
-7 - (9 + -3 - (7 - -25))
19
(1 - -6) + (4 - -2 - 16) + 12
9
Evaluate 7 + (1 - (-8 + 4)).
12
(-2 - -3) + 0 + 6 + (24 - 24)
7
Calculate (-5 - 0) + -3 + 11 + -12.
-9
Calculate 19 - (-11 - -18) - (-4 + 11)